y k?
10
Suppose 0 = 3*k - 4*l - 58, -5*k = 2*l + l - 58. Calculate the remainder when k is divided by 8.
6
Suppose -11*t + 7*t + 216 = 0. Calculate the remainder when t is divided by 11.
10
Let l(p) = 3 + 7*p + 53*p**3 - 3*p - 4 - 3*p. Suppose -2*m + 5*m - 54 = 0. What is the remainder when l(1) is divided by m?
17
Let v be 6/3*(-2 + 0). Let m be v/(-5) + (-1)/(-5). Calculate the remainder when 3*m/3 - -18 is divided by 10.
9
Let o(c) = 2*c**2 + 2. Calculate the remainder when 29 is divided by o(-2).
9
Suppose 66 = 3*l - 0. What is the remainder when l is divided by 5?
2
Let x = -55 + 68. Calculate the remainder when 63 is divided by x.
11
Let c(k) = k**3 + 7*k**2 - 10*k + 10. Suppose 0 = 3*o - 2*m - 31, 3*m = 2*o - m - 34. Calculate the remainder when c(-8) is divided by o.
5
Suppose 4*p = -p + 35. Suppose 2*t - 25 - 5 = 4*y, 25 = -5*y. Suppose t*h = -5*k + 55, k + h = -3*k + 47. What is the remainder when k is divided by p?
5
Let a(n) = -n**3 - 7*n**2 - 8*n - 4. Let m be a(-5). Calculate the remainder when (-1)/(-2)*(m + 64) is divided by 7.
4
Suppose 13 = x - 22. Suppose 7 - x = -4*z. What is the remainder when 13 is divided by z?
6
Suppose -4*j = -m + 259, 3*m - 3*j - 493 = m. What is the remainder when m is divided by 60?
59
Suppose -5*x + 265 = -0*x. Calculate the remainder when x is divided by 11.
9
Let n = -15 - -86. Calculate the remainder when n is divided by 19.
14
Suppose -4*o + o = 0. Let f(d) = -18*d - 3. What is the remainder when -2 + o - -33 - 2 is divided by f(-1)?
14
Let c(o) = -o - 12. Let y be c(-11). What is the remainder when (-2 + y)/(1/(-19)) is divided by 20?
17
Let a be (-1)/(((-8)/(-10))/(-4)). Suppose 0*q + a*q = 345. What is the remainder when q is divided by 14?
13
Suppose -k + 3*k = i - 17, 0 = -3*i - 5*k - 4. Calculate the remainder when 24 is divided by i.
3
Let g(o) = -o + 5. Suppose r + v = 37, -4*v = -2*r + 26 + 78. What is the remainder when r is divided by g(-10)?
12
Let c(q) = -2*q - 8. Calculate the remainder when c(-12) is divided by 6.
4
Suppose 234 = 2*h - 20. Let j = 187 - h. Suppose p = -4*p + j. What is the remainder when 34 is divided by p?
10
Let n = 6 + -1. Suppose 3*p - 5*p + n*t = -59, 0 = 3*p + 5*t - 26. Calculate the remainder when p is divided by 6.
5
Suppose 4*b + 585 = 7*b. Suppose 2*m - b = -3*m. Suppose -90 = -4*h + 2*w, 3*h = 4*h - 4*w - 40. What is the remainder when m is divided by h?
19
Let f = 35 + -12. Calculate the remainder when f is divided by 6.
5
Let x be 102/14 + 2/(-7). Suppose -4*b - 5*p + p = -56, -3*b + 36 = p. Calculate the remainder when (-4)/14 + 142/x is divided by b.
9
Let q(r) = -7*r - 3. What is the remainder when q(-4) is divided by 13?
12
What is the remainder when (2 - 21/12)*116 is divided by 15?
14
Calculate the remainder when 48/10*(-240)/(-18) is divided by 26.
12
Calculate the remainder when ((-35)/(-14))/(1/14) is divided by 12.
11
Suppose 4*v - 5*d = 151, 4*d - 3 = 1. Calculate the remainder when 279/v + (-4)/26 is divided by 3.
1
Calculate the remainder when 40 is divided by (7 - (-200)/(-16))/(2/(-4)).
7
Let f = 153 + -91. Suppose -3*b - 64 + 187 = 3*j, -b = 3*j - 37. Let p = f - b. Calculate the remainder when 37 is divided by p.
18
Let m(j) = 16*j + 3. Let k be m(-4). Let g be k/2 - (-3)/6. Calculate the remainder when 3/(-2)*g - -2 is divided by 12.
11
Suppose -3*q + 186 = 5*n, 3*n + q = 71 + 39. Suppose 3*j - 4*c = -0*j + n, 5*c - 12 = -j. Calculate the remainder when j is divided by 7.
5
Let u(v) = -6*v**3 + 2*v**2 + 2*v + 1. What is the remainder when 10 is divided by u(-1)?
3
Suppose 171*n + 64 = 175*n. Suppose 5*j = 66 + 159. What is the remainder when j is divided by n?
13
Let a be -51 - (2 - -2 - 2). Let f = a - -77. Suppose t - i + 5*i = 1, 27 = 3*t + 4*i. Calculate the remainder when f is divided by t.
11
Let w(h) = 6*h. Let m be w(-5). What is the remainder when 43 is divided by (21/(-6) + 3)*m?
13
Suppose 7 = -11*m + 6*m + 4*v, 0 = -5*v + 15. Calculate the remainder when 41 is divided by 22*2/(4/m).
8
What is the remainder when ((-1258)/(-85))/((-2)/(-5)) is divided by 20?
17
What is the remainder when (-21)/(-14) - (-21)/2 is divided by 5?
2
Suppose -221 = -3*a - 59. Suppose 3*j = -j - 20, -3*f + 3*j + a = 0. What is the remainder when 50 is divided by f?
11
Suppose 0*a = 3*a - 12, 4*x - 4*a = 1872. Suppose i + r - 104 = 65, -3*i + 4*r = -x. Suppose -5*w = -i + 64. Calculate the remainder when w is divided by 11.
9
Suppose 5*m - 5*d + 3*d = 16, 2*d = -3*m. Suppose 0 = -5*s - 3*i + 87, 2*s - m*i - 52 = -2*s. What is the remainder when 43 is divided by s?
13
Suppose 2*y + 2*c = 0, -27 = -5*y + 2*c + 2*c. Suppose y*z + d = 53, 0 = -z - 4*d + 3. Calculate the remainder when 54 is divided by z.
16
Suppose -4*a + 6*a - 46 = 0. Calculate the remainder when a is divided by (-18)/27 + 26/3.
7
Suppose 36 = h + 13. Calculate the remainder when h is divided by (57/(-21) + 1)/((-3)/21).
11
Let a(h) = h. Let y(o) = 4*o + 6. Let b(p) = 2*a(p) - y(p). Let k be b(-4). Calculate the remainder when 14 + k - (1 - 2) is divided by 5.
2
What is the remainder when 17 - 4 - (-3)/(-1) is divided by 6?
4
Suppose 0 = 4*u - 8*u. Suppose u = q + 3*q - 24. What is the remainder when 11 is divided by q?
5
Let u(g) = -g**2 + 10*g - 7. Let r be u(9). Suppose r*c - 4*c = -8. Calculate the remainder when 13 is divided by c.
1
Let l be (5/(-2))/((-3)/(-6)). Let m = l + 11. Calculate the remainder when m is divided by 2.
0
Suppose 6*q + 25 = 5*c + 2*q, c - 29 = -4*q. Let p(a) = a**3 - 8*a**2 - 8*a - 7. Calculate the remainder when p(c) is divided by 2.
0
Let a(h) = -13*h + 208. What is the remainder when (0 - 1)/(1/(-49)) is divided by a(15)?
10
Let g be 8/(-28) - 1254/21. Let j = -27 - g. What is the remainder when j is divided by 7?
5
Let p(u) = u**3 - 8*u**2 + 13. Let b be p(9). Suppose -b = -5*j + 116. Calculate the remainder when j is divided by 22.
20
Let u(f) = -2*f**2 - 13*f - 10. What is the remainder when 18 is divided by u(-5)?
3
Let s = 56 + -90. Suppose 2*h - 83 = 23. Let f = s + h. What is the remainder when 36 is divided by f?
17
Let q = -42 + 76. Calculate the remainder when q is divided by 13.
8
Suppose 3*b + 3*w = 0, -3*b - 4*w = 2*b - 5. Suppose 52 = 2*r - 4*x, 0 = b*r + 3*x + x - 60. Calculate the remainder when 46 is divided by r.
14
Let k = 50 + -16. What is the remainder when 66 is divided by k?
32
Suppose 2*k = -2*p + 14, -k + 4*p = 4*k + 1. Suppose 0 = -j + 42 + k. Calculate the remainder when j is divided by 16.
13
Let b = 8 - -9. Let h(w) = -w**3 + 18*w**2 - 17*w + 4. What is the remainder when 11 is divided by h(b)?
3
Let i = 5 + 5. Let p(t) = 2*t**3 + t**2 - 3*t + 3. Calculate the remainder when p(2) is divided by i.
7
Calculate the remainder when (-9 + 2)*(-60)/42 is divided by 4.
2
Let d = -11 - -16. Calculate the remainder when 16 is divided by d.
1
Suppose 0*b = -2*m + 2*b + 10, -4*m + 18 = -5*b. Calculate the remainder when m is divided by (12/1)/3 - -1.
2
Let z = 42 - 23. What is the remainder when 93 is divided by z?
17
Suppose -2*h = -h - 3. Suppose 0 = c + h*c - 8. Suppose -2 = -g + c. Calculate the remainder when 10 is divided by g.
2
Let f(y) = 2*y**2 - 4*y - 7. Calculate the remainder when 9/(-36)*4*-67 is divided by f(5).
21
Let w(f) = 2*f**3 + f**2 - 4*f + 3. What is the remainder when w(2) is divided by 8?
7
Let p(y) = y + 0 + 5*y**2 + 4 - y**3 + 6*y - 2. What is the remainder when 23 is divided by p(6)?
7
What is the remainder when 7/(-2)*(-168)/49 is divided by 21*((-4)/(-3))/4?
5
Let t be (-1)/(-1) + 1 - 3. Let g = 49 + -19. What is the remainder when (-352)/(-20)*(4 - t) is divided by g?
28
Suppose 0 = -r + 4*u + 33 + 6, 2*r - 4*u = 62. Calculate the remainder when 89 is divided by r.
20
Let o = 98 + -57. Let q = -29 + o. What is the remainder when 46 is divided by q?
10
Let g(y) = 2*y**2 - y - 6. What is the remainder when g(-5) is divided by 25?
24
What is the remainder when (-687)/(-8) - (-6)/48 is divided by 22?
20
Let z = -2 + -8. Let i(x) = 2*x**2 + 6*x + 2. What is the remainder when i(-6) is divided by (-4)/((-2)/z*-1)?
18
Suppose -u - 53 = -2*b, -4*b - 170 = -9*b - 5*u. Calculate the remainder when 54 is divided by b.
25
Suppose 0 = 3*d - l - 37, -2*d - 4*l + 32 = d. Calculate the remainder when d*2 + (-9)/(-3) 